st common divisor of 58 and 176.
2
Calculate the highest common factor of 132 and 204.
12
Calculate the highest common factor of 10 and 25.
5
What is the greatest common divisor of 1652 and 56?
28
Calculate the greatest common factor of 2747 and 134.
67
What is the greatest common factor of 45 and 29?
1
Calculate the highest common factor of 48 and 944.
16
What is the greatest common divisor of 440 and 160?
40
Calculate the highest common divisor of 9 and 4.
1
Calculate the greatest common factor of 399 and 3325.
133
Calculate the highest common divisor of 25 and 3300.
25
Calculate the greatest common divisor of 136 and 16.
8
What is the highest common divisor of 855 and 225?
45
What is the highest common divisor of 1144 and 2431?
143
Calculate the highest common factor of 48 and 6000.
48
What is the greatest common factor of 81 and 1053?
81
Calculate the greatest common divisor of 29 and 11.
1
What is the greatest common divisor of 25 and 625?
25
Calculate the highest common divisor of 224 and 560.
112
What is the highest common divisor of 1274 and 117?
13
What is the highest common factor of 12 and 76?
4
What is the highest common divisor of 245 and 14?
7
Calculate the highest common divisor of 88973 and 193.
193
Calculate the greatest common divisor of 33 and 8184.
33
What is the greatest common factor of 15 and 435?
15
What is the highest common divisor of 123 and 14883?
123
What is the greatest common factor of 51 and 323?
17
What is the greatest common factor of 1562 and 66?
22
Calculate the greatest common divisor of 443 and 1.
1
Calculate the highest common factor of 476 and 4879.
119
What is the greatest common factor of 286 and 65?
13
Calculate the highest common divisor of 7 and 1505.
7
What is the highest common divisor of 2529 and 5339?
281
Calculate the greatest common factor of 31 and 155.
31
Calculate the greatest common factor of 17175 and 100.
25
Calculate the highest common factor of 13 and 3133.
13
What is the greatest common factor of 252 and 9?
9
Calculate the highest common factor of 6108 and 36.
12
What is the highest common factor of 8050 and 50?
50
What is the highest common factor of 2 and 512?
2
Calculate the highest common factor of 168 and 924.
84
What is the highest common factor of 32 and 8240?
16
What is the greatest common divisor of 2745 and 45?
45
Calculate the highest common factor of 737 and 1273.
67
What is the highest common factor of 403 and 13?
13
What is the greatest common factor of 1155 and 525?
105
Calculate the greatest common divisor of 12 and 42684.
12
Calculate the greatest common divisor of 262 and 4.
2
Calculate the greatest common divisor of 50 and 3025.
25
What is the greatest common divisor of 1500 and 1410?
30
Calculate the highest common divisor of 30 and 537.
3
Calculate the highest common divisor of 4526 and 1898.
146
What is the greatest common factor of 246 and 6765?
123
What is the greatest common divisor of 57 and 33?
3
What is the greatest common factor of 1269 and 141?
141
Calculate the highest common divisor of 18 and 320.
2
What is the greatest common divisor of 520 and 10?
10
Calculate the greatest common factor of 506 and 22.
22
What is the greatest common factor of 918 and 68?
34
What is the highest common divisor of 15 and 1220?
5
Calculate the highest common divisor of 1000 and 40.
40
What is the highest common divisor of 3653 and 13?
13
What is the greatest common divisor of 496 and 48?
16
What is the greatest common divisor of 414 and 46?
46
What is the greatest common factor of 58 and 5655?
29
Calculate the greatest common factor of 280 and 1240.
40
Calculate the greatest common factor of 430 and 130.
10
Calculate the highest common factor of 5160 and 792.
24
What is the highest common divisor of 462 and 5412?
66
What is the greatest common divisor of 12 and 18?
6
What is the greatest common divisor of 305 and 23973?
61
What is the greatest common divisor of 165 and 105?
15
What is the highest common factor of 3 and 4?
1
Calculate the greatest common factor of 896 and 14.
14
What is the greatest common factor of 39 and 78?
39
What is the greatest common factor of 188 and 3149?
47
Calculate the highest common factor of 70 and 3670.
10
What is the highest common divisor of 819 and 1755?
117
Calculate the highest common factor of 21 and 74.
1
Calculate the highest common divisor of 721 and 412.
103
What is the highest common factor of 3 and 1137?
3
What is the greatest common divisor of 63 and 108?
9
Calculate the greatest common factor of 11495 and 121.
121
What is the highest common factor of 672 and 147?
21
Calculate the highest common factor of 10 and 135.
5
Calculate the highest common divisor of 160 and 112.
16
Calculate the highest common divisor of 86 and 6106.
86
Calculate the highest common divisor of 396 and 1452.
132
What is the highest common factor of 111 and 3?
3
Calculate the greatest common divisor of 705 and 1974.
141
Calculate the highest common factor of 278 and 695.
139
Calculate the greatest common divisor of 639 and 9.
9
Calculate the greatest common factor of 756 and 162.
54
What is the greatest common factor of 244 and 427?
61
Calculate the highest common factor of 184 and 230.
46
Calculate the highest common factor of 104 and 56.
8
What is the highest common divisor of 7685 and 145?
145
Calculate the highest common factor of 242 and 22.
22
Calculate the highest common divisor of 36068 and 284.
284
What is the greatest common divisor of 48 and 30?
6
What is the greatest common factor of 111 and 1036?
37
Calculate the highest common factor of 152 and 5206.
38
What is the greatest common divisor of 9 and 93?
3
Calculate the highest common factor of 24 and 34356.
12
What is the greatest common factor of 3150 and 2850?
150
What is the greatest common factor of 24 and 1902?
6
Calculate the highest common factor of 897 and 46.
23
Calculate the highest common divisor of 524 and 393.
131
Calculate the greatest common factor of 10188 and 18.
18
Calculate the greatest common factor of 108 and 1134.
54
What is the highest common factor of 350 and 28?
14
What is the greatest common factor of 72 and 120?
24
What is the highest common divisor of 144 and 912?
48
Calculate the highest common factor of 77 and 22.
11
Calculate the highest common factor of 2100 and 400.
100
What is the greatest common divisor of 592 and 74?
74
Calculate the highest common divisor of 5472 and 152.
152
What is the greatest common factor of 2760 and 105?
15
Calculate the greatest common factor of 1739 and 141.
47
Calculate the highest common factor of 22 and 297.
11
Calculate the highest common factor of 464 and 144.
16
What is the highest common divisor of 211 and 1688?
211
What is the greatest common factor of 26 and 2?
2
Calculate the highest common factor of 46055 and 305.
305
What is the greatest common factor of 30 and 390?
30
What is the greatest common divisor of 161 and 21?
7
Calculate the highest common factor of 1177 and 77.
11
What is the highest common factor of 108 and 60?
12
What is the highest common factor of 16 and 996?
4
Calculate the greatest common factor of 440 and 110.
110
Calculate the highest common factor of 66 and 9636.
66
Calculate the highest common factor of 154 and 70.
14
What is the highest common divisor of 116 and 464?
116
What is the highest common divisor of 99 and 1122?
33
What is the greatest common factor of 620 and 5?
5
What is the highest common divisor of 138 and 506?
46
What is the greatest common factor of 561 and 102?
51
Calculate the greatest common factor of 315 and 175.
35
Calculate the highest common divisor of 9 and 981.
9
Calculate the highest common factor of 79 and 395.
79
What is the greatest common divisor of 56862 and 156?
78
Calculate the greatest common factor of 26 and 52.
26
What is the highest common divisor of 3970 and 30?
10
Calculate the greatest common factor of 372 and 2790.
186
What is the highest common divisor of 468 and 104?
52
Calculate the greatest common factor of 8 and 344.
8
Calculate the greatest common divisor of 22534 and 38.
38
What is the highest common divisor of 1978 and 92?
46
What is the greatest common divisor of 176 and 5258?
22
What is the greatest common factor of 976 and 160?
16
Calculate the h